ts digit of t?
0
Let b = 156 - 42. Let h = -64 + b. What is the tens digit of h?
5
Suppose 8*p + 25*p = 57288. What is the thousands digit of p?
1
What is the hundreds digit of (-23092)/(-44) + (-16)/(-88)?
5
Suppose 2*q - 6 = 4*f - 18, 2*q = 3*f - 7. Suppose -2*z + 2 = 0, -4*u + q*z + 91 = u. What is the units digit of u?
9
Suppose 0 = 12*i - 10*i + 2*f - 854, -5*i + 3*f = -2095. What is the units digit of i?
2
Suppose 0 = -4*l + 3*l - 52. Let r = l + 98. What is the tens digit of r?
4
Suppose -8 = 3*o + h - 6*h, -4*h + 16 = 0. Suppose -c + 4*a + 68 = 0, -4*c + 236 = o*a - 2*a. What is the units digit of c?
0
What is the units digit of (101*(-1)/(-3))/(6/54)?
3
Let u(s) = 51*s**3 + 5*s**2 - 6*s + 2. What is the hundreds digit of u(2)?
4
Suppose -2*y = -a + 275, 2*y + 2*y = 4*a - 1108. What is the tens digit of a?
7
Suppose 4*g - 14 = -2*o, -4*g + 1 = -5*g + o. Let y be 2/4 - (-7)/g. Suppose -5*l + 105 = -2*k + 8, 0 = y*l - 3*k - 72. What is the units digit of l?
1
Let q(t) = 26*t**2 - 8*t + 302. What is the thousands digit of q(11)?
3
Let l(g) be the third derivative of -8*g**2 + 0*g + 0 + 1/3*g**3 - 1/60*g**5 - 11/24*g**4. What is the tens digit of l(-8)?
2
Let j = -28 - -24. What is the units digit of 31 + j + 3 - -2?
2
Suppose -3*h - 3*x + 9 = 0, 4*h - 3*h = 5*x - 3. Let w be (-4)/((0 + h)*-1). Suppose w*v + 123 = 5*v. What is the tens digit of v?
4
Let z = 12 - 9. Suppose z*i = 241 - 25. Suppose 8*a - i = 5*a. What is the units digit of a?
4
Let u = 9 + -6. Suppose 0 = 2*a - a - u. Suppose -a*d + 32 = 3*h - 7, 36 = 4*d - 4*h. What is the units digit of d?
1
Let h(a) = -a**3 + 12*a**2 - 14*a + 1. Let y be h(11). Let t = -2 - y. Let l = -17 + t. What is the units digit of l?
3
Let x = -57 - -292. Suppose y - 4*y + 141 = -5*o, 2*o = -5*y + x. Suppose 3*p = m - 19 - 21, 0 = -m - 4*p + y. What is the units digit of m?
3
Let y(m) = -3*m**3 + m**2 + 3*m + 2. Let l(x) = -x**3 - 3*x**2 - 4*x - 5. Let q be l(-2). Let j be y(q). What is the units digit of (11/4 - j)*-4?
1
Suppose 4*n - 26029 = -5*m, -3*m + 6885 + 8722 = 5*n. What is the units digit of m?
9
Let t be 123 + 1 + -2 - 4. Suppose -281 = -5*x + u, -u = 4*x - 350 + t. What is the tens digit of x?
5
Let u(d) = 296*d - 68. What is the units digit of u(3)?
0
Suppose 0 = -3*s + 14 - 5. Suppose -s*x + 730 = k - 2*k, 4*k - 1000 = -4*x. What is the tens digit of x?
4
Let m(x) = -16*x + 20. What is the tens digit of m(-3)?
6
Let x = 18 - 6. Suppose 146 = 2*l + 4*k, -268 - x = -4*l + 4*k. Suppose 0*y - 4*y + 151 = -3*p, 2*y - l = -3*p. What is the units digit of y?
7
Let n(i) = 2*i**2 - 5*i + 2. Let j be n(3). Suppose 4*c + 120 = s, s - 388 = -2*s + j*c. What is the units digit of s?
6
Let u(g) = 4*g. Let p be u(0). Suppose -2*m = 4, -2*j + 0*m + m + 104 = p. What is the tens digit of j?
5
Let j(u) = 91*u**2 - 20*u - 65. What is the units digit of j(-4)?
1
Let c = 741 + 577. What is the tens digit of c?
1
What is the hundreds digit of (-52318)/(-74) + (1 - 1) + -2?
7
Let l = 3201 + -2026. What is the tens digit of l?
7
Let s = -8 + 11. Let b(x) = -9*x - 12. Let o(c) = -4*c - 6. Let t(h) = s*b(h) - 7*o(h). What is the units digit of t(11)?
7
Suppose 0 = 4*u - 59 - 73. Suppose w - 147 = u. What is the units digit of w?
0
Let c(x) = 84*x - 55. What is the hundreds digit of c(3)?
1
What is the hundreds digit of 3/(-120)*-4 + 85078/20?
2
Let g = 2147 - 93. What is the units digit of g?
4
Suppose -v - 2*q = -261, v - 263 = -3*q - q. Let f = v + -89. What is the tens digit of f?
7
What is the units digit of (-2 + 0)/(22246/(-2779) + 8)?
7
Let c be 3/2*24/9. Let w = c + 1. Suppose 0 = 3*u - w*i - 46, 0 = -0*u + 2*u - i - 33. What is the tens digit of u?
1
Suppose -3*b + 585 = 24. Suppose -757 = -4*f + 5*q, f - 2*q + 3*q = b. What is the units digit of f?
8
Let j(k) = -1 + 4 - 1 - 3 + 9*k. Let m be j(1). Suppose -t - m = -2*t. What is the units digit of t?
8
Suppose 15*f - 1215 = 10*f. What is the units digit of f?
3
Suppose -501 = 13*f - 4414. Suppose 0 = -b + 2*b - 2*t - f, 0 = 4*b + t - 1195. What is the units digit of b?
9
Let b = -4761 - -6939. What is the tens digit of b?
7
Let o = 392 - -255. What is the units digit of o?
7
Suppose -5*z + 38 = 14*z. Suppose -o + 167 = -2*v, 4*o - o - 509 = -z*v. What is the hundreds digit of o?
1
Let g(z) be the first derivative of -10 - 1/2*z**2 + z + 5/3*z**3. What is the tens digit of g(4)?
7
Suppose 0 = -y - 4*b + 76, 2*b - 374 = -2*y - 2*y. Suppose 0 = 35*c - 48*c - 728. Let w = c + y. What is the tens digit of w?
4
Let q(f) = -2*f**3 - 5*f**2 - 20*f + 8. What is the units digit of q(-7)?
9
Let b be -69*(1 - 8/6). Let m = 46 - b. What is the units digit of 4 + 2*(m + 4)?
8
Let i(z) = 5*z**3 - 7*z**2 + 7*z + 5. What is the tens digit of i(6)?
7
Let j(r) = 8*r + 713. What is the hundreds digit of j(0)?
7
Let s = 21 - 60. Let x = s + 70. What is the tens digit of x?
3
Suppose 2*c - q - 13 = 0, 6*c - c = q + 34. Suppose -5*n = 20, -2*n = -4*t - c*n. Suppose -t*u - 13 = 12, 2*b = 4*u + 80. What is the units digit of b?
0
Let a(i) = -6 + 0 + 8*i + 7 - 4*i**2. What is the units digit of a(2)?
1
Let m(c) = -c**3 - 5*c**2 + 4*c + 3. Let z(i) = i + 27. Let p be z(-15). Let b = p - 19. What is the tens digit of m(b)?
7
Let o = 1052 - 681. Suppose -m - o = -8*m. What is the units digit of m?
3
Suppose -44024 = -45*l + 41161. What is the thousands digit of l?
1
Let l = -526 + 869. What is the tens digit of l?
4
Let f = -715 - -1699. What is the hundreds digit of f?
9
Suppose 0 = -5*t - 3*y + y + 29, y - 18 = -3*t. Let q(r) = -3*r + 23. What is the units digit of q(t)?
2
Let r = 71 + -60. Let k = r + 24. What is the tens digit of k?
3
Let k(m) = 11*m - 11. Let o be k(6). Suppose -9*d + o = -26. What is the units digit of d?
9
Suppose 5*k + 3*x + 960 = 0, 0 = -4*k + 4*x - 315 - 421. Let s = k + 401. What is the units digit of s?
2
Suppose 384 = -5*g + 11*g. Suppose -3*c + g = c. What is the tens digit of c?
1
Suppose h + 290 = 3*o + 2*h, -o - 2*h + 90 = 0. Suppose -s = -2*d - o, 5*s - 299 = d + 164. What is the tens digit of s?
9
Let z = 18 - 14. Suppose -5*a + 37 = -z*g - 827, 5*a = 5*g + 865. What is the tens digit of a?
7
Suppose 2*k = k - 4*q - 26, -2*k - 4*q - 56 = 0. Let b = 90 + k. What is the tens digit of b?
6
Let k(s) = 117*s**2 - 43*s - 148. What is the tens digit of k(-3)?
3
Suppose 0 = -6*z + 1540 + 1196. What is the tens digit of z?
5
Let r be 1576/(32/18 - 8/(-36)). Suppose 2*c = d + 394, 4*c + d = -0 + r. What is the tens digit of c?
9
Let w be 12/((-4)/(-1)) - 86. Let o = 241 + -118. Let i = o + w. What is the tens digit of i?
4
Let q be 3/((-3)/13) - -3. What is the units digit of 15/q*104/(-6)?
6
Suppose 0 = 3*x + 5*q - 165 - 43, 2*q - 372 = -5*x. Suppose -4*l + 3*l = -x. Suppose -3*h = -5*g - l, 101 = 2*h + 4*g + 21. What is the tens digit of h?
3
Let x = -57 + 61. What is the units digit of (78/x)/((-9)/48*-2)?
2
Let d(l) = l**2 - l - 4. Let i be d(2). Suppose -3*b + s = -14, 0 = 5*b - s - 2*s - 30. What is the units digit of (i/(-2))/(b/51)?
7
Let j(s) = 4*s + 7 + 1 - 6*s. Let b be j(10). What is the units digit of ((-472)/b)/(2/3)?
9
Let s(w) = 540*w**2 + 42*w + 11. What is the hundreds digit of s(-3)?
7
Suppose 3*a - 167 = 241. Suppose 0*o + o - 48 = -4*m, 4*o - a = -2*m. What is the tens digit of o?
3
Suppose -56*q + 46*q = -3800. What is the units digit of q?
0
What is the units digit of -4 + 11 - (-4565)/11?
2
Let i = 177 + -89. Suppose -2*j = -0*j + 4*t - i, 0 = -t + 4. What is the tens digit of j?
3
Let t = -2597 - -4448. What is the tens digit of t?
5
Let x(k) = -14*k - 12. Let f be x(-10). Suppose 0 = -f*l + 125*l + 702. What is the tens digit of l?
3
Suppose d - 110 = -h, -9*h - 326 = -3*d - 8*h. What is the tens digit of d?
0
Let o = -14 + 22. Let u = -2 + o. What is the tens digit of (52/u)/((-10)/(-15))?
1
Let f = 164 - -363. What is the hundreds digit of f?
5
Suppose x = 3*z - 21, -3*z + x + 18 = -x. Suppose c = 19 + z. What is the units digit of (-1)/((-3)/c*1)?
9
Suppose 6*a - a = 10. Suppose -4 = a*l - 5*i, 4*l + i = -i + 40. What is the units digit of l?
8
Let l(u) = -u**2 - 83*u - 183. What is the units digit of l(-43)?
7
Let c = 269 + 173. What is the hundreds digit of c?
4
Suppose f + m = -2*m - 5, -4*m = 16. Let p(x) = -x**2 + 2*